est common factor of 8491623 and 14.
7
What is the highest common factor of 48 and 340940368?
16
What is the highest common factor of 510 and 47434930?
170
What is the greatest common factor of 7230271 and 267?
89
Calculate the greatest common divisor of 676515 and 240.
15
Calculate the highest common factor of 18492527 and 3715.
743
Calculate the highest common divisor of 2975483016 and 88.
88
Calculate the highest common divisor of 36 and 1193979.
3
What is the greatest common divisor of 48914865 and 108551?
1487
What is the highest common factor of 36 and 376717347?
9
What is the greatest common divisor of 4511 and 23275025?
347
Calculate the greatest common factor of 1113059727 and 117.
117
What is the greatest common factor of 10235478 and 18?
6
Calculate the highest common factor of 76767696 and 5616.
432
What is the highest common divisor of 146 and 245207?
73
Calculate the greatest common factor of 200 and 96680.
40
What is the greatest common factor of 10052852 and 4796?
436
What is the greatest common divisor of 131798906 and 226?
226
Calculate the highest common divisor of 7680 and 13122960.
240
Calculate the greatest common factor of 396 and 2309747.
11
Calculate the highest common divisor of 192881583 and 18.
9
What is the highest common factor of 25892330 and 10?
10
Calculate the highest common factor of 215731508 and 8.
4
What is the highest common factor of 15943 and 2463889?
107
What is the greatest common factor of 290496408 and 20?
4
Calculate the greatest common factor of 901 and 10781101.
53
Calculate the greatest common factor of 2367560 and 16158220.
7540
What is the highest common divisor of 3476 and 4146802?
22
Calculate the greatest common factor of 96629110 and 90.
10
Calculate the highest common divisor of 2651527 and 12709.
179
What is the highest common divisor of 16065 and 606798?
459
What is the greatest common factor of 78 and 126366?
6
Calculate the greatest common factor of 19882 and 47.
1
Calculate the greatest common divisor of 920 and 6576390.
230
What is the greatest common divisor of 53 and 43231729?
53
What is the greatest common divisor of 396 and 15781212?
36
Calculate the highest common factor of 182 and 43133818.
182
Calculate the highest common factor of 33927 and 1239519.
789
What is the greatest common factor of 41114431 and 28167?
9389
Calculate the greatest common factor of 22068276 and 12.
12
Calculate the highest common divisor of 332885762 and 13310.
2662
What is the greatest common divisor of 7482 and 69152385?
3741
Calculate the greatest common divisor of 215644 and 334312.
1276
What is the greatest common factor of 110 and 39953210?
110
What is the greatest common divisor of 551 and 200469837?
29
What is the highest common divisor of 2732 and 17176084?
2732
Calculate the greatest common divisor of 381400011 and 18.
9
Calculate the highest common factor of 779 and 294082.
19
What is the highest common divisor of 31901 and 17474813?
1387
Calculate the greatest common divisor of 1092910 and 80990.
910
Calculate the greatest common factor of 283278 and 7980520.
3046
Calculate the highest common divisor of 57170359 and 45018.
2501
What is the highest common factor of 48 and 78121808?
16
What is the highest common factor of 160 and 3185746720?
160
What is the greatest common factor of 1635833 and 550876?
3359
What is the greatest common factor of 30124 and 168164?
68
Calculate the greatest common factor of 1413906 and 2457.
39
Calculate the greatest common factor of 5111 and 759336159.
5111
What is the greatest common divisor of 2892 and 1645548?
2892
What is the greatest common divisor of 9918 and 728136?
18
What is the highest common divisor of 78307724 and 20636?
2948
Calculate the highest common divisor of 1967 and 39053.
7
Calculate the greatest common divisor of 2196624688 and 32.
16
Calculate the greatest common factor of 1883 and 84070301.
1883
What is the highest common factor of 1496776 and 33560?
6712
What is the greatest common factor of 19136 and 35743104?
1472
What is the highest common factor of 26377252 and 2332?
2332
Calculate the highest common divisor of 2094334 and 13662.
506
Calculate the highest common divisor of 1441 and 12842716.
131
What is the greatest common divisor of 706332 and 2724?
12
Calculate the highest common factor of 355671 and 181197.
81
What is the highest common factor of 70784501 and 1426?
713
Calculate the highest common factor of 4102406 and 252287.
10969
Calculate the highest common factor of 211045 and 23285.
5
What is the highest common factor of 132 and 10292676?
12
What is the greatest common divisor of 1548 and 11262474?
774
What is the greatest common divisor of 1135 and 9312675?
1135
What is the greatest common divisor of 1299380 and 240?
20
Calculate the greatest common divisor of 5457 and 479253.
321
What is the greatest common divisor of 197090 and 10?
10
What is the highest common divisor of 45 and 760561305?
15
Calculate the greatest common divisor of 26 and 8165807.
13
Calculate the highest common factor of 2418 and 1111598.
62
Calculate the highest common divisor of 50009 and 845501.
1163
Calculate the highest common divisor of 138807 and 114363.
873
Calculate the greatest common divisor of 3594173 and 9405.
209
Calculate the greatest common divisor of 525964 and 12052.
92
Calculate the greatest common divisor of 397 and 478193646.
397
Calculate the highest common divisor of 28253628 and 39.
39
Calculate the greatest common divisor of 1840 and 1661612.
92
Calculate the highest common divisor of 29272825 and 1425.
475
What is the highest common divisor of 1170 and 103851410?
130
What is the highest common divisor of 131582 and 17743?
11
Calculate the highest common divisor of 2787 and 1605734695.
929
Calculate the greatest common factor of 996965 and 549995.
1585
Calculate the greatest common divisor of 2554 and 40222946.
2554
Calculate the highest common factor of 2720 and 399392.
32
What is the greatest common divisor of 1512 and 2660742?
378
What is the highest common factor of 3627425 and 26063?
389
What is the greatest common divisor of 2281 and 178844086?
2281
Calculate the highest common factor of 1196213 and 7239.
127
Calculate the greatest common factor of 9526 and 515366126.
9526
Calculate the greatest common factor of 134995230 and 181.
181
Calculate the highest common factor of 24309782 and 70.
14
What is the highest common factor of 348 and 62825194?
58
What is the highest common factor of 5931 and 8567?
659
Calculate the highest common factor of 36 and 7038844.
4
What is the highest common divisor of 105343406 and 4476?
746
What is the highest common factor of 122971460 and 35248?
8812
What is the highest common factor of 2858112 and 160?
32
Calculate the highest common divisor of 77941 and 460042.
1901
Calculate the greatest common divisor of 188 and 18633244.
188
What is the greatest common divisor of 5307 and 27787452?
5307
What is the highest common divisor of 135 and 25244350?
5
What is the highest common factor of 839826 and 29003?
1261
Calculate the highest common factor of 2843676 and 1287.
99
Calculate the highest common divisor of 2304 and 125769216.
768
Calculate the highest common factor of 5776 and 22312.
8
Calculate the greatest common factor of 484000 and 293920.
1760
What is the greatest common divisor of 4656 and 3159581?
97
What is the greatest common factor of 91 and 270263?
7
What is the greatest common divisor of 7842724 and 230?
46
What is the greatest common divisor of 418860 and 433359?
1611
Calculate the greatest common factor of 4725076 and 8.
4
What is the highest common factor of 194080 and 265?
5
Calculate the highest common factor of 25 and 529275.
25
What is the highest common divisor of 612504 and 940?
188
What is the greatest common divisor of 814 and 400774?
22
What is the greatest common factor of 78 and 70184712?
78
What is the greatest common factor of 190250706 and 102?
102
What is the greatest common divisor of 91300 and 212729?
913
What is the highest common divisor of 909490926 and 4406?
4406
What is the greatest common divisor of 4139716 and 3500?
28
What is the greatest common divisor of 4 and 20179536?
4
Calculate the greatest common divisor of 2044 and 10267922.
14
What is th